te the remainder when j is divided by 44.
41
Calculate the remainder when 110 - ((-56)/12 + 60/(-18)) is divided by 38.
4
Let f = 49 - -1. Let c = 55 - f. Let k = c - 2. What is the remainder when k is divided by 2?
1
Let d(h) = -h**3 + 14*h**2 - 12*h + 9. Let j(z) = -2*z + 57. Let w be j(22). Calculate the remainder when 86 is divided by d(w).
20
Suppose -3*g - 3*o = -843, 75*o = 71*o + 24. Calculate the remainder when g is divided by 78.
41
Suppose -2*v = -5*v + 2*l + 1441, 0 = -2*v - 4*l + 950. Calculate the remainder when v is divided by 183.
113
Calculate the remainder when 4/1 + (-2)/2*-67 is divided by (-11*2 - 2)*-1.
23
Let t = -5775 + 5816. Let q(m) = m**2 - 3*m + 5. What is the remainder when t is divided by q(4)?
5
Suppose 4*b + 30*b = 7*b + 38259. What is the remainder when b is divided by 52?
13
Let o(w) = -3*w + 195. Let b be o(8). Suppose z - 3*p = 19 + b, 2*z = -p + 359. What is the remainder when z is divided by 23?
20
Let m = -567 - -1451. Calculate the remainder when m is divided by 12.
8
Suppose 130 - 64 = -l + 118. Calculate the remainder when l is divided by 43.
9
Let f = 0 + 9. Suppose v - 2*v = -f. Calculate the remainder when v is divided by 34/(-527) - (-1316)/217.
3
Suppose -25*o = -29*o. Suppose 6*b - 11*b + 40 = o. Suppose -b*t = -4*t - 108. Calculate the remainder when 51 is divided by t.
24
Let g(k) = k**3 - 67*k**2 + 129*k + 135. Calculate the remainder when 564/2 + 18/(-3 + -3) is divided by g(65).
69
Suppose -13*m + 10*m = -138. Let o be (-52)/(-4) + 12/(-4). Suppose -2*h + 80 = 5*f + o, -55 = -5*f + h. What is the remainder when m is divided by f?
10
Let d = 26551 - 26472. Let p be (-1)/(5/(-4))*5. Suppose q + 0*q = p*n - d, -2*n + 52 = 2*q. What is the remainder when 102 is divided by n?
18
Suppose -89*s = -34*s - 44140 - 147700. What is the remainder when s is divided by 7?
2
Suppose -4*y = -34 + 6. Let g = 178 + -205. What is the remainder when 198/g*(-45)/10 is divided by y?
5
Let p = 1751 - 1353. What is the remainder when p is divided by 7?
6
Let v(l) = 117*l**2 - 29*l + 49. What is the remainder when v(2) is divided by 14?
11
Let u = 6109 + -4670. Calculate the remainder when u is divided by 7.
4
Let c(p) = 2*p**3 - 14*p**2 + 2*p - 3. Let v be c(7). Let w(k) = -k - v*k + 2*k**2 - 18*k - 20. Calculate the remainder when 32 is divided by w(16).
8
Suppose -32 = -4*t + 8*j - 6*j, -19 = -3*t - j. Suppose -t*x = -12*x - u + 78, 5*x - 2*u = 69. What is the remainder when 28 is divided by x?
13
Suppose 4*h + 1444 = -3668. Let o = -653 - h. Suppose u + o = 6*u. Calculate the remainder when u is divided by 32.
29
Let o be 2/(-3)*3/(-2). Let v(j) = 13*j. Suppose -77*t + 81*t = -3*g + 81, -100 = -5*g + 5*t. Calculate the remainder when g is divided by v(o).
10
Suppose -23*q = -122*q + 1980. What is the remainder when 639 is divided by q?
19
Calculate the remainder when 3070 is divided by (-5026866)/(-4914) + (-6)/(-189).
1
Suppose -6 = -3*p - 3. Suppose -1334 = 8*u - 1374. Suppose 10*s - 32 = 5*s - 4*y, u*s - 42 = y. Calculate the remainder when s is divided by p.
0
Suppose 0 = 12*n - 280 + 28. Let h(v) = -v + 6. Let r be h(-10). Suppose 3*q = r + 20. What is the remainder when n is divided by q?
9
Suppose 0*f = f - 2*f. Let g(i) = -i**3 - i**2 - 2*i + 41. What is the remainder when g(f) is divided by 12?
5
Suppose 876 = 12*i + 264. Let s = -7 + 6. What is the remainder when i is divided by (s/1)/((-3)/39)?
12
Let m(p) = -2*p**2 - 48*p + 680. Let u be m(-53). Let f = 2443 + u. Calculate the remainder when f is divided by 1/(-4) - (-81)/4.
9
Suppose -5*b + 5*u + 200 - 75 = 0, 4*u - 103 = -3*b. Suppose -22 = -2*n + 78. What is the remainder when n is divided by b?
21
Suppose -y - 4*y - 2*c = -920, -3*y + 538 = 4*c. Let m = 106 + -99. Calculate the remainder when y is divided by m.
4
Suppose 13*p = 4*z + 14*p - 8257, z - 2071 = 2*p. Calculate the remainder when z is divided by 13.
11
Let y(x) = 2*x**3 - 3*x**2 + 3*x + 2. Let v(u) = 37*u**2 - u - 4. What is the remainder when v(2) is divided by y(2)?
10
Let d be (-732)/(-10) + 8/10. Suppose 3*j - 5*j - d = -i, -2*i = 5*j - 121. What is the remainder when 135 is divided by i?
67
Let l = 3365 - 3359. What is the remainder when 803 is divided by l?
5
Let h(d) = d**2 + 124*d + 1645. Calculate the remainder when h(-13) is divided by 53.
43
Let s = -1007 + 1595. Suppose -772 = -16*r + s. Calculate the remainder when r is divided by 8.
5
Let k(f) = -f**3 - 27*f**2 - 24*f + 59. Let b be k(-26). Suppose -b*d = -112 + 35. What is the remainder when 120 is divided by d?
10
Suppose 3*v = -a + 205, 3*a - 624 = v - 79. What is the remainder when 6622 is divided by a?
182
Suppose r - 118*u = -115*u + 817, -777 = -r - 2*u. What is the remainder when r is divided by 185?
53
Suppose -32*f = 29*f - 2867. Calculate the remainder when 68 is divided by f.
21
Suppose 0 = -2*f + 26*r - 23*r - 6, -5*f + r + 11 = 0. Suppose 6 = -f*y + 102. Calculate the remainder when 79 is divided by y.
15
Suppose -804 = 123*m - 6462. What is the remainder when 435 is divided by m?
21
Let f = -77 - -69. What is the remainder when 219 is divided by (11 - f/(-1))*(-37)/(-3)?
34
Let x = -309 - -99. Let j = x - -218. Suppose -3*k = -3*v + 90, 3*v = -5*k - 19 + 117. Calculate the remainder when v is divided by j.
7
What is the remainder when 1069 + ((-23)/(46/(-4)) - -7) is divided by 124?
86
Let p(q) = 2 - 10 + 7*q - 8*q + 12. Calculate the remainder when 394 is divided by p(-8).
10
Suppose -5*b - 21 = -i - 2*i, -i + 24 = 4*b. Let n = -534 + 688. Calculate the remainder when n is divided by i.
10
Suppose 0 = 4*z + 5*a - a - 20, -4*z - 3*a = -24. Let d(r) be the first derivative of 2*r**2 - 9*r + 23. What is the remainder when 132 is divided by d(z)?
24
Let i be 1*(-10)/20*(0 + -14). Let r(m) = 4*m**2 - 11*m + 83. Calculate the remainder when r(i) is divided by 6.
4
Suppose 6*b = 31 + 23. Suppose u = b*u - 432. Calculate the remainder when 102 is divided by u.
48
Suppose 15*r - 12*r + 18*r - 861 = 0. What is the remainder when 156 is divided by r?
33
Let o(k) = -k**2 + 30*k - 33. Let a be (-7)/(-7) + (-1 - -4)*9. What is the remainder when 68 is divided by o(a)?
22
Suppose 2*u - 14 = -4*v, u = 3*u - v - 34. Let n = -25 - -39. Calculate the remainder when n is divided by 2*2 - (-45)/u.
0
Let n = 31 + 71. Let y = -82841 - -82846. Calculate the remainder when n is divided by y.
2
Let t be (-5 - -1) + 14/1. Let z(c) = c - 7. Let o be z(t). Suppose 79 = 4*b - b - 5*h, -64 = -o*b + 2*h. Calculate the remainder when 71 is divided by b.
17
Suppose -3*x - 179 + 3533 - 501 = 0. What is the remainder when x is divided by 106?
103
What is the remainder when 8/(32/(-12))*(3670/(-30) - 3) is divided by 77?
68
Let o = 1 + -8. Let c(n) = n**3 + 9*n**2 + 13*n + 2. Suppose 3*j - 55 = -5*w, -3*j + 5*w + 39 = 2*w. Calculate the remainder when j is divided by c(o).
6
Let t = 24 + -8. Let c(x) = -7*x - 118*x**3 - 135*x**3 + 268*x**3 + x. What is the remainder when c(2) is divided by t?
12
Let l = 1498 - 1384. What is the remainder when 343 is divided by l?
1
Let c = -53 + -48. Let y = -105 - c. What is the remainder when 130 is divided by (y/10)/2 - 1356/(-30)?
40
Let o = 135 + -133. Suppose 0 = 4*p + o*h - 272, h = 4*h - 12. Suppose -63*t - 12 = -p*t. What is the remainder when t is divided by 2?
0
Let n(m) = 79*m**2 - 179*m - 949. What is the remainder when n(-5) is divided by 958?
5
Suppose 273 = 5*i - 3*k, 2*i + k - 107 + 11 = 0. What is the remainder when 974 is divided by i?
5
Let j(f) = -9*f**2 - 23*f - 76. Let d(y) = 7*y**2 + 23*y + 75. Let o(m) = 5*d(m) + 4*j(m). Calculate the remainder when o(23) is divided by 19.
14
Suppose 5*l + 22 - 557 = 0. Let c = -208 + l. Let n = c - -183. Calculate the remainder when n is divided by 14.
12
Suppose -b - 1 = -3*u - 12, -2*b + 2 = 4*u. What is the remainder when 103 is divided by (-3)/(b - (-276)/(-54))?
22
Let w = -88 - -88. Suppose -2*q - 5*d + 49 = w, -6*d - 121 = -3*q - 4*d. Let y(n) = 4*n - 40. Calculate the remainder when q is divided by y(12).
5
Let r(i) = -i**2 + i. Let s(f) = 9 - f + f**2 + f + 4*f. Let t(d) = 2*r(d) + s(d). What is the remainder when 26 is divided by t(6)?
8
Suppose -3*w - 93 = 51. Let q be w/(-80) + (-3)/5. Suppose b = -2*v + 19, q*v = 4*b - 5*v - 37. Cal